2
Let h(o) = 3*o**3 - 3 + 9*o**3 - o**2 + 0 - 8*o**3 - o**3 + o. Let q be h(3). Calculate the highest common factor of 8 and q.
8
Let h be (-3 + (-22)/(-6))/(2/6). Suppose f - 3*f = -y + 46, 4*y = h*f + 46. Let j = f + 40. Calculate the highest common divisor of 17 and j.
17
Let o = 3917 + -1816. Calculate the greatest common divisor of o and 11.
11
Suppose -4*q + 144*l = 148*l - 3604, 3595 = 4*q - 5*l. Calculate the highest common factor of q and 1100.
100
Suppose 9*g = -3*h + 14*g + 70, 2*h - 20 = -2*g. What is the greatest common divisor of h and 785?
5
Let s(x) be the first derivative of -x**4/4 + 31*x**3/3 - 22*x**2 + 54*x + 70. Let q be s(29). Calculate the greatest common divisor of 60 and q.
20
Let k = -6627 + 6647. Let a be 1*(183/1 + -2). Let c = a + 19. What is the greatest common divisor of c and k?
20
Let g be 17824/144 + (-4)/(-18). Let b = g - 79. Suppose 0 = 30*o - 28*o - 10. What is the highest common divisor of b and o?
5
Let c(h) = h**3 + 6*h**2 - 5. Let l be (-44)/44*4/2. Let p be c(l). Calculate the highest common divisor of 9 and p.
1
Let v(y) = -57*y**3 + 94*y**2 + 339*y + 5. Let i be v(-4). What is the highest common factor of 21 and i?
21
Suppose 0*v + 160 = -4*v + 8*v. Calculate the highest common divisor of v and 824.
8
Let w = 128 - 119. Let j(g) = g**3 - 11*g**2 + 29*g - 21. Let f be j(w). What is the greatest common factor of f and 52?
26
Suppose -51975 = -653*b + 618*b. Calculate the greatest common factor of b and 2805.
165
Suppose -37*l + 14435 = -7173. Let k = l + -576. What is the greatest common factor of k and 100?
4
Let j(x) = x**3 - 9*x**2 + 64*x - 48. Let p be j(6). Let w be 330/9 + 4/(-6). What is the greatest common factor of w and p?
12
Let i be (-2050)/(-18) - (-5)/45. Suppose 3*v = 3 + 9. Suppose y + i = v*y. Calculate the greatest common factor of 342 and y.
38
Let j = 3139 - 3126. What is the highest common divisor of 1105 and j?
13
Let z(c) = -11*c + 85. Let q be z(-17). Suppose 0 = -12*o - 2390 + 2594. Calculate the highest common factor of o and q.
17
Suppose -5*i + 3*i + 900 = 0. Suppose 0 = -5*q - 10*q + i. What is the highest common factor of q and 270?
30
Let f be (6/5)/((-10)/250). Let v = f - -44. Calculate the highest common factor of v and 2.
2
Let i(g) be the second derivative of 2*g**3 + 47*g**2/2 + 65*g + 1. Let z be i(4). What is the highest common divisor of 57 and z?
19
Suppose -m + 5 = -5*n, -3*m - m - 43 = n. Let c = m - -10. Suppose c = -7*z + 590 + 166. What is the highest common divisor of 12 and z?
12
Suppose -53*h + 32*h = -14364. What is the highest common factor of h and 54?
18
Let n(l) = -11*l + 43. Let u be n(-5). Suppose 49*g = 35*g + u. Calculate the greatest common factor of g and 112.
7
Let g(i) = 36*i - 46. Let v be g(17). Suppose 2*b + 3*o - v = o, 2*b = 3*o + 581. Suppose -4*r + b = 34. Calculate the highest common factor of r and 7.
7
Suppose 0*n = 3*n + 15. Let h be (-1)/((2/174)/(n/3)). Let u be h/4 - (-7)/(-28). Calculate the highest common divisor of u and 36.
36
Let m be -32*((-14573)/(-52))/(-19). What is the greatest common divisor of 1003 and m?
59
Suppose -v - 33*n = -29*n - 38, -3*n + 191 = 4*v. Calculate the greatest common factor of v and 810.
10
Suppose -7*p - 98 = 28. Let j(u) = u**2 + 11*u - 71. Let k be j(p). What is the highest common divisor of k and 11?
11
Let z be (289 - 16) + 14 + 5. Calculate the highest common factor of z and 44.
4
Let i(t) = 2*t**3 - 107*t**2 - 52*t + 317. Let s be i(54). Suppose -3*u + 6*u - 150 = 0. Calculate the greatest common factor of u and s.
25
Let p(n) = 7 + 10 + 27*n + 3 - 2. Let t be p(5). Calculate the greatest common divisor of t and 17.
17
Let r(x) = 8*x**3 - x**2 - x - 1. Let b be r(2). Let w be (-816)/(-7) - (-18)/42. Let t = w - b. Calculate the greatest common divisor of t and 15.
15
Let s(p) = -p**3 + 6*p**2 + 44*p - 108. Let a be s(9). Suppose -3*j + 5*i + 272 = 0, 2*j = 6*j - i - 391. What is the highest common factor of j and a?
9
Let r = -1 - -5. Let f be ((-4)/(-3))/(((-320)/(-750))/32). What is the highest common factor of f and r?
4
Suppose -21*c = -37 - 68. Suppose k = -4*y + 3*k + 472, -5*y - c*k = -605. Let l be (-2 - -19)/(2 + -1). Calculate the highest common divisor of l and y.
17
Suppose -167673 - 6551 - 71464 = -87*s. Calculate the highest common divisor of 8 and s.
8
Let j be (-166)/(-3) + (-2)/6. Suppose -9*b = -10*b - 3*s + 17, 5*b = s + 229. What is the highest common divisor of b and j?
11
Let n = 953 + -548. Let c = 499 - n. Let j be (48 + -1)/((-2)/(-10)). What is the greatest common factor of c and j?
47
Let r = -5751 + 6263. What is the greatest common factor of 2 and r?
2
Let r(l) = -214*l + 1398. Let c be r(-6). What is the highest common factor of 36 and c?
18
Let b(s) = -102*s + 2348. Let h be b(23). Let i = 235 + -127. Suppose -2*l = h*l - i. Calculate the greatest common divisor of 3 and l.
3
Let o(y) = y**2 + y - 2. Let g be o(0). Let u be ((-9)/12)/(g/40). Suppose 10*p - 12 = 138. Calculate the greatest common divisor of p and u.
15
Suppose 4*q + 3*w - 52 = 0, 4*w - 56 = -q - 3*q. Suppose 0 = y - 4*c - 60, -q*c - 200 = -4*y - 14*c. Calculate the highest common factor of 52 and y.
52
Suppose -53*r = -56*r + 3699. Suppose -3310 = -7*w + r. Calculate the highest common divisor of 59 and w.
59
Let f = -260 - -365. Let v = f - 91. What is the highest common divisor of 266 and v?
14
Suppose -103 + 151 = 8*n. Suppose 0 = n*j - 886 - 248. Calculate the greatest common factor of 63 and j.
63
Suppose -229*m = -194*m - 595. Calculate the greatest common factor of m and 1207.
17
Let z = 170 + -119. Suppose -99 = -5*y + 2*b, 2*y + 4*b - z = b. What is the greatest common factor of y and 231?
21
Let b be (6 + -258)/(-4) + 4/1. Suppose 5*z = q - 108, 66*z - b*z = -2*q + 252. What is the greatest common factor of q and 576?
64
Let s be 10816/72 + 6/(-27). Calculate the highest common divisor of s and 90.
30
Let b be (-54)/10*13/((-507)/65). Calculate the greatest common factor of b and 45.
9
Let n(c) = c**2 + 8*c - 54. Let m be n(-12). Let r be (28 + -4)*(m + 10). Calculate the greatest common divisor of r and 256.
32
Suppose 3*q - 5*a - 103 = 0, -a - 9 + 4 = 0. Calculate the greatest common divisor of q and 39.
13
Let u = -10793 + 11027. What is the greatest common divisor of 1066 and u?
26
Let g be -2*(-3 - 2/(-1)). Suppose g*p = 20 + 2. Suppose 6*q = 11*q + 4*b - 291, -5*q + 3*b + 263 = 0. What is the greatest common factor of p and q?
11
Suppose 0 = 12*u - 5*u + 28. Let f(c) = c**2 + 9*c - 1. Let p be f(u). Let y = 29 + p. What is the greatest common divisor of y and 12?
4
Let t(k) = k**2 - 12*k - 38. Let c be t(16). Suppose -c*i - 65 = -455. Calculate the greatest common factor of 465 and i.
15
Let u be (-18)/15*15/(-1). Let s be (19 + -1)/(12/(-9)*294/(-392)). Calculate the greatest common divisor of s and u.
18
Let f(t) = -19*t + 36. Let b be f(-10). Let l be b/10 + ((-24)/20)/(-3). Let y be 2*(-12)/16*-138. What is the highest common divisor of l and y?
23
Suppose -2*l + 26*a + 7148 = 31*a, -l + 5*a = -3544. What is the highest common divisor of l and 44?
44
Let p be (-4)/2 + (39 - -19). Suppose 9 = -5*a - 3*z - 11, 0 = 5*a + 4*z + 25. Let v be (0 - a) + (3 - -136). Calculate the highest common divisor of p and v.
28
Let j = 287 - 137. Let d = -106 + j. What is the greatest common divisor of d and 11?
11
Suppose 3*r - 4 = -4*b + 24, 0 = -4*r + 4*b. Suppose -3*n = -29*l + 32*l - 372, 0 = -r*n + 3*l + 510. What is the highest common factor of 9 and n?
9
Let v = 2058 - 918. Calculate the greatest common factor of v and 108.
12
Suppose h - 29*u + 25*u - 6 = 0, 4*u + 94 = 5*h. What is the greatest common factor of 407 and h?
11
Let k(z) = -z**2 + 23*z - 73. Let u be k(11). Suppose 7*r - u = -17. Calculate the greatest common factor of r and 8.
2
Let g(k) = 37*k + 2. Let l be g(6). Suppose -11*t = 519*t - 8480. Calculate the highest common factor of t and l.
16
Let q = 0 - -120. Suppose j = -2*j + q. Suppose 79*d = -433 + 1697. What is the highest common divisor of j and d?
8
Let n be 1125 + 0*((-6)/(-2) + (-175)/50). Calculate the highest common factor of n and 180.
45
Suppose -38*t = -3*t + 34125. Let v = t + 1039. Calculate the highest common divisor of v and 1280.
64
Let b(c) 